{"id":6,"date":"2016-08-08T11:57:23","date_gmt":"2016-08-08T11:57:23","guid":{"rendered":"http:\/\/tyhjakulho.fi\/wordpress\/?page_id=6"},"modified":"2026-03-09T14:48:42","modified_gmt":"2026-03-09T16:48:42","slug":"historia","status":"publish","type":"page","link":"https:\/\/www.tyhjakulho.fi\/?page_id=6","title":{"rendered":"Tyhj\u00e4n kulhon tarina"},"content":{"rendered":"<p>Tyhj\u00e4 kulho (Empty Bowls) -projektit saivat alkunsa Yhdysvalloista vuonna 1990. Michiganilaisen lukion taideopettajat John Hartom ja Lisa Blackburn teettiv\u00e4t oppilaillaan kulhoja hyv\u00e4ntekev\u00e4isyystilaisuuteen, joka ker\u00e4si varoja paikalliseen ruokapankkiin. Opettajien, vanhempien ja oppilaiden innostuksen inspiroimina Blackburn ja Hartom alkoivat kehitt\u00e4\u00e4 ideaansa ymm\u00e4rt\u00e4en tilaisuuden laajemmat mahdollisuudet.<\/p>\n<p>Jo seuraavana vuonna organisoitiin ja kehitettiin Empty Bowls -konsepti. Se on ruohonjuuritason toimintaa, jonka tuotolla tuetaan paikallisia ruokapankkeja, ruokaloita sek\u00e4 muita organisaatioita, jotka taistelevat n\u00e4lk\u00e4\u00e4 vastaan. T\u00e4n\u00e4 p\u00e4iv\u00e4n\u00e4 Empty Bowls -projekteja j\u00e4rjestet\u00e4\u00e4n ymp\u00e4ri maailmaa, ja niill\u00e4 on ker\u00e4tty jo mittavia avustussummia.<\/p>\n<p>Suomessa tapahtuma j\u00e4rjestettiin ensimm\u00e4ist\u00e4 kertaa vuonna 2003 Helsingiss\u00e4, Tuomiokirkon kryptassa. Tuolloin keraamikko Eva Spoof\u00a0p\u00e4\u00e4tti organisoida Tyhj\u00e4 kulho -tapahtuman <span style=\"color: #339966;\"><a style=\"color: #339966;\" href=\"http:\/\/udumbara.fi\/\" target=\"_blank\" rel=\"noopener\">UDUMBARA-keramiikan<\/a><\/span> 10-vuotisjuhlan\u00e4yttelyn sijaan.\u00a0Tapahtuma sai suuren suosion: mukana oli runsaasti keraamikkoja, ravintoloita ja muita vapaaehtoisia j\u00e4rjest\u00e4m\u00e4ss\u00e4 tilaisuutta. Se onnistui loistavasti, ja reilussa kahdessa tunnissa jaettiin 800 keittoa kulhoineen. Tunnelma kryptan holvikaarien alla oli upea.<\/p>\n<p>My\u00f6s seuraavina vuosina Tyhj\u00e4 kulho sai ihmiset sankoin joukoin liikkeelle, ja vuonna 2008 ker\u00e4ttiin enn\u00e4tystuotto: yli 870 vierailijaa lahjoitti UNICEFille noin 15 300 euroa.<\/p>\n<p>Kaiken kaikkiaan Tyhj\u00e4 kulho -tapahtumat Suomessa ovat tuottaneet yli 222 000 euroa. <img decoding=\"async\" src=\"https:\/\/ci5.googleusercontent.com\/proxy\/jqw9F-nq73xnnB0deDzZsVCIq2FIlWsSi_C3WkFoBTUhg1pTTR4DMTNGDdfVIFP8WsKeJsRR98UtsBpA2JDaVdVNp5_FkK5SyjOR3wDN-Ww08WFt=s0-d-e1-ft#https:\/\/static.xx.fbcdn.net\/images\/emoji.php\/v9\/ted\/2\/16\/2764.png\" alt=\"&#x2764;&#xfe0f;\" \/><\/p>\n<p>Tyhj\u00e4 kulho on ollut vuodesta 2006 alkaen mukana Helsinki Design Weekin ohjelmassa. Se on my\u00f6s j\u00e4rjestetty osana Suomi 90 -juhlavuoden ohjelmaa (2007), YK:n Lapsen oikeuksien sopimuksen 20-vuotisjuhlaa (2009) ja Ornamon 100-vuotisjuhlaa (2011) sek\u00e4 vuonna 2019 YK:n Lapsen oikeuksien sopimuksen 30-vuotisjuhlaa.<\/p>\n<p>Vuonna 2008 Tyhj\u00e4 kulho sai Vuoden UNICEF-teko-kunniakirjan sek\u00e4 <span style=\"color: #008000;\"><a style=\"color: #008000;\" href=\"https:\/\/www.tyhjakulho.fi\/wp-content\/uploads\/2016\/08\/kelpoesimerkki_2008.pdf\">Kelpo esimerkki -kunniakirjan<\/a><\/span><span lang=\"fi\" xml:lang=\"fi\"> vapaaehtoisty\u00f6st\u00e4. Tapahtumasta on kehittynyt <\/span>\u00a0lukuisille\u00a0<span lang=\"fi\" xml:lang=\"fi\">keraamikoille ja lasitaiteilijoille, muusikoille,\u00a0 vapaaehtoisille ja tapahtumaan lahjoittaneille tahoille\u00a0<\/span><span lang=\"fi\" xml:lang=\"fi\">merkityksellinen\u00a0<\/span>tapa vaikuttaa omalla osaamisella ja osallistumisella.<\/p>\n<p>2026 olemme j\u00e4lleen mukana.<\/p>\n<p>Meill\u00e4 kaikilla on annettavaa ja yhdess\u00e4 olemme enemm\u00e4n.<\/p>\n<p>Tervetuloa mukaan!<\/p>\n","protected":false},"excerpt":{"rendered":"<p>Tyhj\u00e4 kulho (Empty Bowls) -projektit saivat alkunsa Yhdysvalloista vuonna 1990. Michiganilaisen lukion taideopettajat John Hartom ja Lisa Blackburn teettiv\u00e4t oppilaillaan kulhoja hyv\u00e4ntekev\u00e4isyystilaisuuteen, joka ker\u00e4si varoja paikalliseen ruokapankkiin. Opettajien, vanhempien ja oppilaiden innostuksen inspiroimina Blackburn ja Hartom alkoivat kehitt\u00e4\u00e4 ideaansa ymm\u00e4rt\u00e4en tilaisuuden laajemmat mahdollisuudet. Jo seuraavana vuonna organisoitiin ja kehitettiin Empty Bowls -konsepti. Se on ruohonjuuritason<a class=\"button\" href=\"https:\/\/www.tyhjakulho.fi\/?page_id=6\" title=\"Read More\">Read more<\/a><\/p>\n","protected":false},"author":1,"featured_media":0,"parent":0,"menu_order":1,"comment_status":"closed","ping_status":"closed","template":"","meta":{"footnotes":""},"class_list":["post-6","page","type-page","status-publish","hentry"],"_links":{"self":[{"href":"https:\/\/www.tyhjakulho.fi\/index.php?rest_route=\/wp\/v2\/pages\/6","targetHints":{"allow":["GET"]}}],"collection":[{"href":"https:\/\/www.tyhjakulho.fi\/index.php?rest_route=\/wp\/v2\/pages"}],"about":[{"href":"https:\/\/www.tyhjakulho.fi\/index.php?rest_route=\/wp\/v2\/types\/page"}],"author":[{"embeddable":true,"href":"https:\/\/www.tyhjakulho.fi\/index.php?rest_route=\/wp\/v2\/users\/1"}],"replies":[{"embeddable":true,"href":"https:\/\/www.tyhjakulho.fi\/index.php?rest_route=%2Fwp%2Fv2%2Fcomments&post=6"}],"version-history":[{"count":53,"href":"https:\/\/www.tyhjakulho.fi\/index.php?rest_route=\/wp\/v2\/pages\/6\/revisions"}],"predecessor-version":[{"id":1735,"href":"https:\/\/www.tyhjakulho.fi\/index.php?rest_route=\/wp\/v2\/pages\/6\/revisions\/1735"}],"wp:attachment":[{"href":"https:\/\/www.tyhjakulho.fi\/index.php?rest_route=%2Fwp%2Fv2%2Fmedia&parent=6"}],"curies":[{"name":"wp","href":"https:\/\/api.w.org\/{rel}","templated":true}]}}